
4
Let q(a) = -a**3 - 7*a**2 - a + 6. Let l be q(-6). Let o = 54 + l. What is the highest common divisor of 20 and o?
10
Let j be (18/3)/(6/(-8)). Let r be (-2)/8 - (-270)/j. Let g = 69 + r. Calculate the highest common factor of 7 and g.
7
Suppose -2*w = -6*w + 28. Suppose -2 - 10 = -t. Suppose z - 2 = 0, 3*p + 4*z - 17 = t. What is the highest common factor of w and p?
7
Let m(a) = -17*a + 3. Let p be m(-5). What is the highest common factor of 22 and p?
22
Let z(b) = -3*b - 2. Let g be z(-3). Suppose g*i - 2*i = 30. Let a be 4/i*3/2. Calculate the greatest common divisor of 1 and a.
1
Let a = -62 - -86. Calculate the greatest common factor of 16 and a.
8
Let i(y) = -30*y - 3. Let z be i(3). Let k = z - -133. Let g(u) = -u**2 + 6*u - 1. Let q be g(3). Calculate the greatest common divisor of k and q.
8
Suppose 0 = a - 44 - 26. What is the greatest common factor of a and 7?
7
Suppose 0*i = -3*b - 5*i + 32, 2*b - 5*i + 12 = 0. Calculate the greatest common factor of 96 and b.
4
Suppose -4*y + 2 + 6 = 0. Let k = 35 - y. Let w = -400 + 422. What is the greatest common factor of w and k?
11
Let t be 3/12 - (-134)/8. Suppose -3*x - 1 = 2*o - t, 3*x - 3*o = 36. Calculate the highest common divisor of x and 20.
4
Let q = -37 - -63. Calculate the highest common factor of q and 39.
13
Let k(x) = x**2 + 6*x - 6. Let u be k(-12). What is the highest common divisor of u and 6?
6
Let p = -92 + 102. Suppose -2*n - 360 = -6*n. Let x = n - 40. What is the highest common factor of x and p?
10
Let u = 68 + -24. Let p(t) = -t. Let d be p(-4). Suppose 4*l - 5*o = 24, 0 = -d*l + 3*o + o + 28. What is the greatest common divisor of u and l?
11
Suppose 2*a + 8*a = 1680. What is the highest common divisor of a and 8?
8
Let f = 51 + -277. Let r = -152 - f. Let j = r + -14. What is the greatest common divisor of 6 and j?
6
Let o be (-5 - -7)*(-205)/(-2). What is the highest common factor of 82 and o?
41
Let z(k) = -153*k + 1. Let i be z(-1). What is the greatest common factor of 14 and i?
14
Let b be 8/6*(23 - -1). Suppose r - 2*r + 2 = 3*k, -4*k - b = -3*r. Let f be 6*(-8)/36*-12. What is the greatest common factor of f and r?
8
Let j(u) = 7*u**2 - 2*u - 1. Let f be j(7). Calculate the highest common divisor of 41 and f.
41
Suppose j + 4*k + 16 = -3*j, j = 3*k + 4. Let y be (3/j)/((-4)/(-8)). Let i be 2/y - (-466)/6. What is the greatest common factor of i and 11?
11
Suppose -4*i = -2 - 6. Let t be 0/i - (-1 - 1). Let a be (-42)/(-30) - (-6)/10. Calculate the highest common divisor of t and a.
2
Suppose 0*t = -3*c - t + 354, 2*t = -6. What is the greatest common divisor of c and 17?
17
Suppose 0 = -3*n + 33 + 84. What is the highest common divisor of n and 39?
39
Let n = 14 + -2. Let c = n - 5. Let g(f) = 2*f - 1. Let x be g(1). Calculate the greatest common divisor of x and c.
1
Let y be -6 - (-6 - (6 - -266)). Calculate the greatest common factor of 16 and y.
16
Suppose 32 = -y - l + 5*l, -4*y = 3*l + 52. Let i = y - -34. Calculate the greatest common divisor of i and 12.
6
Suppose -3*z + 7*z = 4. Let t be z + (-64)/(-3 + 2). Let s = -57 - -83. What is the highest common divisor of s and t?
13
Let h = 66 + 0. Calculate the greatest common divisor of 22 and h.
22
Suppose 3*z - 17 = w - 2*w, w - 22 = -2*z. What is the highest common divisor of 352 and w?
32
Let z be (-333)/2 - (-1)/2. Let f = z - -418. Suppose 81 - 276 = -4*x + y, 5*x - 4*y = f. Calculate the greatest common factor of x and 12.
12
Let u be 3/(-4) + 15/4. Let j = 113 - u. Calculate the highest common divisor of j and 22.
22
Suppose 2*w - 6 + 0 = 0. What is the highest common factor of w and 12?
3
Let c be (-9)/(95/(-45) + 2). What is the greatest common divisor of c and 27?
27
Let m be 1/((-1)/1) - -49. Suppose -2*y = -22 + 10. What is the greatest common divisor of y and m?
6
Let m = -33 - -253. What is the greatest common divisor of 20 and m?
20
Suppose 0 = 5*p - 3*u - 415, -5*p - u + 405 = -2*u. Calculate the greatest common factor of p and 20.
20
Suppose 8*j - 4 = 7*j. Let z(g) = g**3 - 2*g**2 - 6*g + 6. Let r be z(j). What is the highest common divisor of r and 98?
14
Let a be (5/(-10))/((-1)/(-4)). Let h = 4 + a. Suppose -h*o - 96 = -5*o. What is the greatest common divisor of o and 8?
8
Suppose 729 = 5*y - 71. What is the highest common divisor of y and 20?
20
Let g(f) = 2*f**2 + 11*f + 13. Let r be g(-9). What is the greatest common factor of r and 19?
19
Suppose 3*o = 3*c + 42, -2*c + 5*o - 21 - 13 = 0. Let w be 3/(-9) + (-664)/c. What is the greatest common factor of 11 and w?
11
Let r be (-5)/(-2)*(-24)/(-20). Suppose -175 = -3*l - 5*u, -l + r*u + 25 = -2*u. Suppose z + 4*z = l. What is the greatest common factor of z and 2?
2
Suppose 0 = -2*p - 3*c + 2*c + 11, 0 = -4*p + 5*c + 29. Suppose 4*d - 24 = -0*d. Calculate the highest common factor of p and d.
6
Let k(m) = m**3 + 14*m**2 + 12*m - 7. Let n be k(-13). What is the highest common divisor of 66 and n?
6
Let b = -13 + 15. Calculate the greatest common factor of 1 and b.
1
Let a = 33 + -23. Calculate the greatest common factor of a and 80.
10
Let d = -10 + 13. Suppose 24 = d*z - 30. Calculate the highest common factor of z and 12.
6
Let k be (-257)/(-4) - 3/12. Suppose 2*j - h + k = 5*j, -4*j + 2*h = -72. What is the highest common divisor of j and 5?
5
Let r = 6 + -4. Suppose -5*o = -2*s + 31 + 25, 0 = 3*s - 3*o - 66. What is the highest common factor of r and s?
2
Let x = 700 + -371. What is the greatest common divisor of x and 47?
47
Let l(r) = -r**3 - 6*r**2 - 3*r - 9. Let q be l(-6). Let j be 183/q + (-4)/(-6). Calculate the greatest common factor of 63 and j.
21
Let q(r) = 3 - 3 - 2*r - 3. Let a be q(-7). Let y = 3 + -2. Calculate the greatest common factor of a and y.
1
Suppose -4*c + 5*c = 30. What is the highest common factor of c and 150?
30
Let d be -2 + -2 + 6 + 1. Suppose 0 = -4*k + 20, -t - t - 3*k = -61. Let l = t + -14. Calculate the greatest common divisor of d and l.
3
Let o(x) = 10*x + 5. Let s = -5 - -10. Let v be o(s). What is the highest common factor of v and 11?
11
Let u be (-1)/(-5) - 42/(-15). Suppose 0*o - 2*o + 39 = 3*z, -u*o + 87 = -5*z. What is the highest common divisor of o and 60?
12
Suppose -3*w - 9 = -6*w - 3*i, -5*w + 2*i = -36. What is the highest common factor of w and 3?
3
Let m(x) = -x**3 - 3*x**2 + 2*x - 5. Let f(h) = h**3 - 14*h**2 + 13*h - 4. Let n be f(13). Let s be m(n). What is the greatest common divisor of s and 9?
3
Let l = 7 - -11. What is the greatest common divisor of 54 and l?
18
Let n = 29 + 0. What is the highest common divisor of n and 145?
29
Let g(t) = -t**2 - 10*t - 8. Let z be g(-6). Suppose 2*p + 6 = 20. Suppose 4*i = p - 3, 3*d + 4*i = 10. What is the highest common divisor of d and z?
2
Suppose -3*p = -0*p - 9, 5*p = 3*b + 12. Let l be (2/5)/(b/10). Suppose -t + 3*a + 17 = 0, t = -0*a - l*a + 24. Calculate the greatest common factor of t and 5.
5
Suppose 7*w - 259 = 6*w. Calculate the greatest common divisor of w and 74.
37
Suppose -5*i + 4*i + 10 = 0. Suppose 3*q = q + i. Calculate the highest common factor of 35 and q.
5
Let b be (-474)/(-10) + 18/30. Suppose -3*o + 2*o + b = 3*i, -i + 16 = -5*o. Calculate the greatest common factor of 80 and i.
16
Let x = 373 - 25. What is the greatest common factor of 12 and x?
12
Suppose 0 = w - 5, -4*w + w = 4*r - 47. Suppose r*t - 3*t = 80. Suppose -51*b - 24 = -52*b. Calculate the highest common factor of t and b.
8
Let g be 4 + -4 - 29*-2. Calculate the highest common factor of 87 and g.
29
Let h be (-1 + 7 - 0)*(-3)/(-2). Let m = 106 - 43. Calculate the greatest common divisor of h and m.
9
Suppose -3*o - o + 6 = 5*r, 0 = -3*r + 3*o + 9. Suppose -3*q + 4*l + 471 = 0, r*q - 4*l - 245 - 73 = 0. What is the highest common factor of q and 17?
17
Let b = -5 + 13. Suppose -2*f = 2*o - 4, -3*f = -o + 2 - 0. Suppose o*c = -i + 1, 2*i = -b + 2. Calculate the greatest common factor of 18 and c.
2
Suppose -44 = -0*l - l. Suppose 0 = -5*k + 2*m + 63, -k - 3*k + 5*m + 64 = 0. What is the greatest common factor of l and k?
11
Suppose -u + 9 = -2*a, 4*a + 20 - 3 = 3*u. Let n be 0 + ((-2)/u)/2. What is the greatest common factor of n and 7?
1
Let b be (2 + (-22 - 2))*-1. Suppose -5*m + 2*f = -4, 7*m - 2*m + 4*f = b. Let l be m/(((-24)/9)/(-4))